3554 = 0, 11 = 3*k - 1. Calculate the remainder when b is divided by 79.
76
Suppose 0 = -3*d - d + 284. Let g = d - 11. Let t(y) = y**2 + 2*y + 1. What is the remainder when g is divided by t(3)?
12
Let m = 279 + -186. Calculate the remainder when (-16 + m)*(0 - 1)/(-1) is divided by 21.
14
Calculate the remainder when 5 + (2 - -143) + 0 is divided by 17.
14
Suppose 1734 = 8*c - 50. Calculate the remainder when c is divided by 21.
13
Let k = 250 - 157. Suppose -727*a = -732*a - j + 134, -5*a - 5*j = -130. What is the remainder when k is divided by a?
12
Let f(j) = 5*j**3 - j**2 - j. Let d be f(3). Suppose 0 = 5*v - 5*u - 435, 2*u - 79 = -v - u. Let c = d - v. What is the remainder when c is divided by 13?
12
Let d be (-3 - (-513)/(-9))*(-18)/8. Let u be ((-6)/5)/(3/(-10)). Suppose -3*a = u*p - 58, p = 3*a + 2*a - d. What is the remainder when a is divided by 7?
5
Suppose -2*u = -2*n + 42, 1 + 9 = 2*u. Suppose 3*m + 3*o = 2*m + 60, 5*o = -25. Calculate the remainder when m is divided by n.
23
Let n = 93 + -244. Let r = 213 + n. Calculate the remainder when r is divided by 13.
10
Let a(k) = 15*k**2 + k. What is the remainder when a(-2) is divided by 7*1 + (-39 - -44)?
10
Suppose 0 = -2*f + 2*m + 574, -5*f + 4*m + 347 = -1084. Calculate the remainder when f is divided by 19.
17
Suppose 17*q - 12*q - 915 = 0. Suppose -q = -6*c - 9. What is the remainder when 86 is divided by c?
28
Suppose 0 = -3*o - 152 - 4. Let t = -29 - o. Calculate the remainder when 64 is divided by t.
18
Let d be 4529/105 + 4/(-30). Suppose -4*g - 3*q = -66, 3*g - q + 0*q = d. Calculate the remainder when g is divided by 8.
7
Let n(o) = -4*o. Let s be n(-4). Let f = s - -21. Calculate the remainder when f is divided by 20.
17
Suppose 16*p - 12*p - 52 = 0. Calculate the remainder when 117 is divided by p.
0
Suppose -1599 = -1343*d + 1330*d. What is the remainder when d is divided by 18?
15
Let l = -554 + 563. What is the remainder when 113 is divided by l?
5
Suppose 15 = 3*f, 2*v + 6*f - 3*f - 3 = 0. Suppose 0 = 5*j - 4 - 11. Calculate the remainder when 23 is divided by ((-3)/v)/(j/72).
11
Calculate the remainder when (-14)/21 - 461/(-3) is divided by (-3 - (1/(-2) + -2))*-62.
29
Suppose 23*r - 27*r = -764. Let v = r - 132. Suppose 5*m + 6 = 161. Calculate the remainder when v is divided by m.
28
Let k be (-2 - -7) + -1 + 2. Let a(u) = -u**3 + 5*u**2 + 7*u + 18. Calculate the remainder when 46 is divided by a(k).
22
Calculate the remainder when 39 is divided by ((-20)/26)/(9 + (-1770)/195).
9
Let p be -3 + (-2 - -17) + 2. Let j be 2 - (p + 3 - 0). Let a = 16 + j. What is the remainder when 1 is divided by a?
0
Suppose 23*z = 36 + 263. Let f(c) = -c**3 - 6*c**2 + 6*c - 8. Let k be f(-7). Calculate the remainder when (40 - 1) + 0 + k is divided by z.
12
Let s(j) = -j**2 + 2*j + 42. Let a be s(-10). Let r = a - -101. Calculate the remainder when 64 is divided by r.
18
Let d(r) = 24*r - 234. What is the remainder when d(20) is divided by 63?
57
Let r(s) = 46*s + 34. Let i be r(5). Calculate the remainder when i/27 - 9/(243/(-6)) is divided by 2/(-5)*2*-5.
2
Suppose -89 = -2*y - 2*l + 3*l, -y - l + 49 = 0. What is the remainder when 90 is divided by y?
44
Suppose 0 = p - 64*f + 62*f - 73, 5*f - 146 = -2*p. Calculate the remainder when 728 is divided by p.
71
Let v(h) = -2*h**3 - 37*h**2 - 50*h + 42. Calculate the remainder when v(-17) is divided by 4.
1
Suppose -334 - 276 = -10*p. Let r be 6/4*(5 - 7). Calculate the remainder when p is divided by 13 + (-6)/r - -1.
13
Suppose 4*m - 28 - 432 = 0. Suppose 2*s + 25 = k, 5*k + 3*s - 93 = 2*k. Calculate the remainder when m is divided by k.
28
Suppose 4*f + 45 - 191 = -3*o, -4*o = 5*f - 193. Calculate the remainder when 248 is divided by o.
38
Suppose -5*t + 17 = -d + 6, 4*d + 10 = 3*t. Suppose 0*q - 52 = -t*q + 5*b, 25 = q - 2*b. Calculate the remainder when 80 is divided by q.
17
Suppose -4*v - l = -93 - 5, -18 = -v + 3*l. What is the remainder when 64 is divided by v?
16
Let o = 835 - 796. Calculate the remainder when 103 is divided by o.
25
Let k(d) = 23*d**2 - 3*d - 3. Suppose -87*l + 48 = -84*l. Calculate the remainder when k(-2) is divided by ((l/5)/2)/(2/30).
23
Let b = 10 - 6. What is the remainder when ((-4)/(-6))/(885/(-99) + 9) is divided by b?
3
Let a be ((-10)/(-5))/(0 + -1). Let w = -13 + 17. Calculate the remainder when (-351)/(-36) + a/(-8) is divided by w.
2
Let w(g) = 8*g**3 - g**2 - 3*g + 5. What is the remainder when 142 is divided by w(1)?
7
Let d(n) = 16*n**2 + 59*n - 9. Calculate the remainder when d(-7) is divided by 74.
66
Suppose 10003 + 6097 = 14*f. Calculate the remainder when f is divided by 48.
46
Let i(u) = -25 + 810*u + 9 - 3*u**2 - 799*u + 2*u**2. Let h = 66 + -25. What is the remainder when h is divided by i(6)?
13
Let v be 8/10*35/(-7). What is the remainder when 9 is divided by v/(-3)*(-15)/(-4)?
4
Suppose -2*s - 13 - 21 = -4*n, 2*n - 5*s = 37. Let o(y) = 2*y**2 - 5*y - 9. Calculate the remainder when o(n) is divided by (-4)/(1 + (-11)/9).
15
Suppose 23*s - 32*s = -279. Calculate the remainder when 89 is divided by s.
27
Calculate the remainder when (0 + 78/4)/((-18)/(-24)) is divided by 7.
5
Let d(w) = -w**3 + 8*w**2 + 27*w - 12. Let h be -1 - (2 - 3) - 0. Suppose -q + 11 + 9 = h. What is the remainder when d(10) is divided by q?
18
Let h(l) = l**2 + l - 1. Let b(o) = -o**2 - o + 2. Let i(q) = -3*b(q) - 2*h(q). What is the remainder when i(5) is divided by 27/63 - 230/(-35)?
5
Let y = 42 + -34. Let r = y + 1. Calculate the remainder when 62 is divided by r.
8
Let i(g) be the first derivative of -g**4/4 - 7*g**3/3 + 6*g**2 + 6*g + 7. What is the remainder when i(-9) is divided by 22?
16
Calculate the remainder when -2*(2370/(-12) + 12/4) is divided by 129.
2
Suppose 39 = b - 5. Suppose -r + b = 43. Calculate the remainder when 3 is divided by r.
0
Let y = 98 - 57. Calculate the remainder when 81 is divided by y.
40
Let n = 805 - 668. Calculate the remainder when n is divided by 102.
35
Let f(q) = q**3 + 24*q**2 + 19*q + 26. What is the remainder when f(-23) is divided by 44?
30
Let o = 31 - 20. Suppose 24 = 3*x - 3*p, 12 = -4*p - 0. Suppose 203 = 4*s - 2*r - 45, x*s - 319 = -2*r. What is the remainder when s is divided by o?
8
Suppose -v = g - 2, 2*v - 4 = 2*g - 7*g. Let m(y) = y + 1. Let k(f) = 2*f. Let n(s) = k(s) + m(s). Calculate the remainder when 26 is divided by n(v).
5
Suppose -21*v + 12013 - 2773 = 0. Calculate the remainder when v is divided by 112.
104
Let o(y) = 3*y**3 - 18*y**2 - y + 85. Let d(v) = v**3 - 6*v**2 + 28. Let r(u) = 7*d(u) - 2*o(u). Calculate the remainder when r(6) is divided by 5.
3
What is the remainder when 520 is divided by 133/((11 - 0) + -10)?
121
Let z be 3/(-2)*7*4/(-6). Let t(u) = 2*u - 3 + 2*u - 2*u. What is the remainder when 31 is divided by t(z)?
9
Let v be (-28)/((-5 + 6)/(4 + -1)). Let c = -77 - v. Calculate the remainder when 12 is divided by c.
5
Let a be -1 - (2*32)/(-1). Suppose -2*s - 112 = -4*u, -a = -5*u - 5*s + 47. Calculate the remainder when u is divided by 7.
5
Suppose 4*y - 452 = 3*i, 0 = 2*y - 4*i - 93 - 123. What is the remainder when y is divided by 20?
16
Let w be 3 + -1*-7*5. Let b = w + -28. Suppose -5*t + 5 = -b, -i + 4*t = -4. What is the remainder when i is divided by 6?
4
Suppose -16 = -3*l + 11. What is the remainder when ((-4)/6 + 537/l)*5 is divided by 37?
36
Let a = 20 - 20. Suppose -p = -a*p - 29. What is the remainder when p is divided by 11?
7
Suppose 0*y - y = -5. Suppose -b + 4*n + 27 = 8, 3*b - 2*n - 67 = 0. What is the remainder when b is divided by y?
3
Calculate the remainder when 368 is divided by -11 + (29 + 0 - 6).
8
Let o(g) = 11*g - 1. Let u(j) = -19*j - 3 + 2 + 30*j. Let y(q) = 4*o(q) - 3*u(q). What is the remainder when 28 is divided by y(1)?
8
Let u = -1734 - -1877. Calculate the remainder when u is divided by 31.
19
Suppose -5*g + 6*g = j + 84, -90 = -g - 2*j. What is the remainder when g is divided by 13?
8
Let o(s) = -s - 45. Let i(l) = 23. Let x(h) = -7*i(h) - 3*o(h). Let t be x(0). What is the remainder when -3 - (0 + -2) - t is divided by 9?
7
Let i = -360 + -96. Let t be 2/(-5) - i/15. Calculate the remainder when ((-9)/6)/((-3)/t) is divided by 6.
3
Suppose -2*d = t - 153, -4*d - 576 = -3*t - t. Suppose 